me number?
True
Is 31069873 a composite number?
True
Is 42560263 composite?
False
Is 190269169 a prime number?
False
Is 23841761 a composite number?
False
Is 5535133 prime?
True
Is 29475899 a prime number?
True
Is 4829411 a prime number?
False
Is 11846621 prime?
True
Is 21197461 composite?
True
Is 4323791 a composite number?
False
Is 1133711 composite?
True
Is 826151 a composite number?
False
Is 990371 prime?
True
Is 12793199 a composite number?
False
Is 75370741 a composite number?
True
Is 179247281 composite?
False
Is 136905401 a composite number?
False
Is 45556843 a prime number?
False
Is 670849 a prime number?
True
Is 394897 composite?
False
Is 107330627 composite?
True
Is 67133903 a composite number?
False
Is 19529 composite?
True
Is 13526999 a prime number?
False
Is 35151085 a prime number?
False
Is 3938239 prime?
False
Is 10972301 a composite number?
False
Is 1487974 prime?
False
Is 1660858547 a composite number?
False
Is 4745555 composite?
True
Is 3899743 a prime number?
False
Is 7057861 a prime number?
False
Is 111415027 a prime number?
False
Is 10711023 a prime number?
False
Is 64379137 composite?
True
Is 29596013 a prime number?
True
Is 37284647 prime?
True
Is 60548881 a prime number?
True
Is 3915853 composite?
False
Is 188089997 a composite number?
True
Is 13751293 prime?
False
Is 20128989 a prime number?
False
Is 2907677 prime?
True
Is 364425901 composite?
True
Is 46195207 a composite number?
True
Is 1837265 a composite number?
True
Is 35012567 a composite number?
False
Is 105727241 a prime number?
False
Is 11576731 prime?
True
Is 35268531 prime?
False
Is 5062829 composite?
True
Is 330271 a composite number?
False
Is 35269357 prime?
True
Is 2777831 prime?
False
Is 95235814 prime?
False
Is 426527 composite?
False
Is 1185150763 composite?
False
Is 13648391 a composite number?
False
Is 47778683 prime?
True
Is 12988637 prime?
True
Is 2044541 composite?
False
Is 1864321 a composite number?
True
Is 29401481 a composite number?
False
Is 348547 a prime number?
True
Is 233686549 a prime number?
True
Is 58616031 prime?
False
Is 7484903 a prime number?
False
Is 185478781 a prime number?
True
Is 42632539 prime?
False
Is 2861977 composite?
False
Is 467470579 a composite number?
False
Is 199357 prime?
True
Is 127083371 prime?
True
Is 2218847 a composite number?
True
Is 2307247 composite?
False
Is 550967537 prime?
True
Is 17103709 a prime number?
False
Is 14220533 composite?
False
Is 893537 prime?
False
Is 13910783 a composite number?
False
Is 15192173 a prime number?
True
Is 22911839 composite?
False
Is 134013283 composite?
False
Is 55165427 prime?
True
Is 12242911 composite?
False
Is 5930303 a prime number?
True
Is 17044477 a prime number?
False
Is 244437995 a prime number?
False
Is 3051133 a composite number?
False
Is 1035379 a composite number?
False
Is 88185729 a prime number?
False
Is 9437861 prime?
True
Is 357337 composite?
True
Is 126779687 a composite number?
True
Is 98800423 prime?
True
Is 386558674 a composite number?
True
Is 660574709 prime?
True
Is 3721667 composite?
True
Is 484277 a composite number?
True
Is 1630054241 a prime number?
True
Is 45087027 prime?
False
Is 37902599 a prime number?
False
Is 41165507 a prime number?
True
Is 342040057 a prime number?
True
Is 21825359 a prime number?
True
Is 104091297 composite?
True
Is 959207 a composite number?
False
Is 48533959 a prime number?
True
Is 231227 composite?
True
Is 46095341 composite?
False
Is 10325541 a composite number?
True
Is 8788418 prime?
False
Is 3258077 a prime number?
True
Is 31049947 prime?
True
Is 600152681 composite?
False
Is 139243 a composite number?
True
Is 628158341 a prime number?
True
Is 13768051 prime?
False
Is 20258911 composite?
False
Is 8286349 composite?
False
Is 2667097 composite?
False
Is 107041601 prime?
True
Is 16291381 prime?
True
Is 32364479 a composite number?
True
Is 2089379 a prime number?
True
Is 1765163 composite?
False
Is 9746383 a prime number?
False
Is 222491099 prime?
False
Is 90933655 prime?
False
Is 6967937 composite?
False
Is 70891361 a composite number?
True
Is 8849551 a composite number?
True
Is 4853735 composite?
True
Is 127594573 a prime number?
True
Is 4606787 prime?
False
Is 32710717 prime?
False
Is 220344617 composite?
True
Is 3367797 a prime number?
False
Is 876839879 a composite number?
True
Is 5621417 a prime number?
True
Is 5468549 prime?
False
Is 2874899 prime?
False
Is 20053259 prime?
True
Is 236298247 prime?
False
Is 426737303 composite?
False
Is 15867079 composite?
True
Is 10943755 composite?
True
Is 282264351 prime?
False
Is 18587141 composite?
False
Is 1990759 a prime number?
True
Is 65385161 a prime number?
False
Is 15537637 prime?
True
Is 21443242 a composite number?
True
Is 3317921 a composite number?
True
Is 28901629 a composite number?
True
Is 60773957 composite?
True
Is 104127377 prime?
True
Is 201877271 a prime number?
True
Is 125296331 a composite number?
False
Is 3985595 a prime number?
False
Is 9639499 a prime number?
False
Is 51419803 composite?
False
Is 3684479 prime?
False
Is 488947 a prime number?
True
Is 1202539 a prime number?
False
Is 6332253 prime?
False
Is 497197 a prime number?
True
Is 37802411 a composite number?
False
Is 314764847 a composite number?
False
Is 21856031 composite?
False
Is 55031167 prime?
True
Is 493561049 prime?
False
Is 366059 prime?
False
Is 256541 a prime number?
True
Is 10323307 a prime number?
True
Is 1098961 composite?
True
Is 276293 composite?
False
Is 6541663 composite?
False
Is 39012707 a composite number?
False
Is 1754191 a prime number?
False
Is 106053947 composite?
False
Is 27253231 a composite number?
True
Is 10122001 a prime number?
False
Is 2085221 prime?
True
Is 113537 prime?
True
Is 1320533 prime?
True
Is 17240953 a prime number?
False
Is 343234793 composite?
True
Is 90353257 composite?
False
Is 14271059 prime?
False
Is 1154627 a composite number?
True
Is 84823303 prime?
True
Is 93785 a composite number?
True
Is 28011467 prime?
False
Is 430094037 composite?
True
Is 1089896711 a composite number?
False
Is 943507 a prime number?
False
Is 1569581 a composite number?
True
Is 5195291 composite?
True
Is 5757799 composite?
True
Is 31020187 composite?
True
Is 6099559 a prime number?
True
Is 42151339 composite?
True
Is 169651967 a prime number?
False
Is 197686837 prime?
False
Is 259746569 a prime number?
True
Is 17813567 a composite number?
True
Is 472228531 a prime number?
False
Is 178349749 a prime number?
True
Is 2093843 prime?
False
Is 1609753 a prime number?
False
Is 6798757 prime?
False
Is 6711449 prime?
True
Is 9419863 a composite number?
False
Is 270711071 a composite number?
False
Is 9799711 a composite number?
True
Is 623483 a composite number?
True
Is 62496991 a composite number?
False
Is 4701431 a prime number?
False
Is 864571 a prime number?
False
Is 1327801 a composite number?
False
Is 1085611 a prime number?
True
Is 24261683 a composite number?
False
Is 69809717 a prime number?
True
Is 4334441 a prime number?
True
Is 36491569 prime?
True
Is 2059537 prime?
True
Is 5501003 a composite number?
False
Is 1025173 composite?
True
Is 34852135 composite?
True
Is 1504973 a prime number?
False
Is 68905729 a composite number?
True
Is 60283507 a composite number?
True
Is 28039157 a prime number?
False
Is 3867871 a prime number?
False
Is 786677 a prime number?
False
Is 1104079715 composite?
True
Is 8882413 a prime number?
False
Is 28938197 a prime number?
False
Is 509433053 a composite number?
True
Is 74427141 a prime number?
False
Is 25350497 composite?
False
Is 91346581 prime?
False
Is 176497187 a prime number?
True
Is 4994833 prime?
False
Is 22421687 composite?
True
Is 4185299 a composite number?
True
Is 103259159 prime?
False
Is 45400951 prime?
True
Is 30899311 a composite number?
False
Is 418022069 prime?
True
Is 320857007 a composite number?
True
Is 51844043 a prime number?
True
Is 2766667 composite?
False
Is 43065907 composite?
False
Is 45110993 prime?
False
Is 5589461 a composite number?
True
Is 91529062 prime?
False
Is 35426155 a composite number?
True
Is 21820193 a composite number?
False
Is 928777 prime?
False
Is 5776593 a composite number?
True
Is 14826103 a prime number?
False
Is 26462077 composite?
True
Is 10648507 composite?
False
Is 471719 prime?
True
I